{"id":893,"date":"2017-01-18T11:48:00","date_gmt":"2017-01-18T10:48:00","guid":{"rendered":"http:\/\/www.campingchadeyron.com\/location-mobil-home-ardeche\/"},"modified":"2024-02-26T13:47:58","modified_gmt":"2024-02-26T12:47:58","slug":"mobilhome-vermietung-ardeche","status":"publish","type":"page","link":"https:\/\/www.campingchadeyron.com\/de\/mobilhome-vermietung-ardeche\/","title":{"rendered":"Mobilhome-Vermietung Ard\u00e8che"},"content":{"rendered":"<p>[vc_row][vc_column width=&#8220;2\/3&#8243; css=&#8220;.vc_custom_1486723187649{padding-right: 4px !important;padding-left: 4px !important;}&#8220;][vc_column_text el_class=&#8220;bg-txt&#8220; css=&#8220;.vc_custom_1652878343577{margin-bottom: 8px !important;}&#8220;]<\/p>\n<p style=\"text-align: center;\">18 gehobene Mobilhome, 2 oder 3 Schlafzimmern, sehr hell mit \u00fcberdachter Terrasse. Klimaanlage m\u00f6glich. Es gibt keine Mobilheime, die f\u00fcr PMR geeignet sind.<\/p>\n<p>[\/vc_column_text][\/vc_column][vc_column width=&#8220;1\/3&#8243; css=&#8220;.vc_custom_1486723195733{padding-right: 4px !important;padding-left: 4px !important;}&#8220;][vc_column_text el_class=&#8220;block-slogan&#8220; css=&#8220;.vc_custom_1504778729998{margin-bottom: 8px !important;padding-top: 62px !important;padding-right: 50px !important;padding-bottom: 63px !important;padding-left: 50px !important;}&#8220;]Mit Blick auf das Tal.[\/vc_column_text][\/vc_column][\/vc_row]<\/p>\n","protected":false},"excerpt":{"rendered":"<p>[vc_row][vc_column width=&#8220;2\/3&#8243; css=&#8220;.vc_custom_1486723187649{padding-right: 4px !important;padding-left: 4px !important;}&#8220;][vc_column_text el_class=&#8220;bg-txt&#8220; css=&#8220;.vc_custom_1652878343577{margin-bottom: 8px [&hellip;]<\/p>\n<a href=\"https:\/\/www.campingchadeyron.com\/de\/mobilhome-vermietung-ardeche\/\">View Post<\/a>","protected":false},"author":1,"featured_media":1811,"parent":0,"menu_order":0,"comment_status":"closed","ping_status":"closed","template":"page-templates\/parent-page.php","meta":{"_acf_changed":false,"footnotes":""},"class_list":["post-893","page","type-page","status-publish","has-post-thumbnail","hentry"],"acf":[],"yoast_head":"<!-- This site is optimized with the Yoast SEO plugin v25.3 - https:\/\/yoast.com\/wordpress\/plugins\/seo\/ -->\n<title>Vermietung Mobilheim Ardeche - Vermietung Mobilheim Vallon Pont d&#039; Arc<\/title>\n<meta name=\"robots\" content=\"index, follow, max-snippet:-1, max-image-preview:large, max-video-preview:-1\" \/>\n<link rel=\"canonical\" href=\"https:\/\/www.campingchadeyron.com\/de\/mobilhome-vermietung-ardeche\/\" \/>\n<meta property=\"og:locale\" content=\"de_DE\" \/>\n<meta property=\"og:type\" content=\"article\" \/>\n<meta property=\"og:title\" content=\"Vermietung Mobilheim Ardeche - Vermietung Mobilheim Vallon Pont d&#039; Arc\" \/>\n<meta property=\"og:description\" content=\"[vc_row][vc_column width=&#8220;2\/3&#8243; css=&#8220;.vc_custom_1486723187649{padding-right: 4px !important;padding-left: 4px !important;}&#8220;][vc_column_text el_class=&#8220;bg-txt&#8220; css=&#8220;.vc_custom_1652878343577{margin-bottom: 8px [&hellip;]\" \/>\n<meta property=\"og:url\" content=\"https:\/\/www.campingchadeyron.com\/de\/mobilhome-vermietung-ardeche\/\" \/>\n<meta property=\"og:site_name\" content=\"Camping Chadeyron\" \/>\n<meta property=\"article:modified_time\" content=\"2024-02-26T12:47:58+00:00\" \/>\n<meta property=\"og:image\" content=\"https:\/\/www.campingchadeyron.com\/wp-content\/uploads\/2024\/02\/camping-dedant-banner.jpg\" \/>\n\t<meta property=\"og:image:width\" content=\"1903\" \/>\n\t<meta property=\"og:image:height\" content=\"350\" \/>\n\t<meta property=\"og:image:type\" content=\"image\/jpeg\" \/>\n<meta name=\"twitter:card\" content=\"summary_large_image\" \/>\n<meta name=\"twitter:label1\" content=\"Gesch\u00e4tzte Lesezeit\" \/>\n\t<meta name=\"twitter:data1\" content=\"1\u00a0Minute\" \/>\n<script type=\"application\/ld+json\" class=\"yoast-schema-graph\">{\"@context\":\"https:\/\/schema.org\",\"@graph\":[{\"@type\":\"WebPage\",\"@id\":\"https:\/\/www.campingchadeyron.com\/de\/mobilhome-vermietung-ardeche\/\",\"url\":\"https:\/\/www.campingchadeyron.com\/de\/mobilhome-vermietung-ardeche\/\",\"name\":\"Vermietung Mobilheim Ardeche - Vermietung Mobilheim Vallon Pont d' Arc\",\"isPartOf\":{\"@id\":\"https:\/\/www.campingchadeyron.com\/#website\"},\"primaryImageOfPage\":{\"@id\":\"https:\/\/www.campingchadeyron.com\/de\/mobilhome-vermietung-ardeche\/#primaryimage\"},\"image\":{\"@id\":\"https:\/\/www.campingchadeyron.com\/de\/mobilhome-vermietung-ardeche\/#primaryimage\"},\"thumbnailUrl\":\"https:\/\/www.campingchadeyron.com\/wp-content\/uploads\/2024\/02\/camping-dedant-banner.jpg\",\"datePublished\":\"2017-01-18T10:48:00+00:00\",\"dateModified\":\"2024-02-26T12:47:58+00:00\",\"breadcrumb\":{\"@id\":\"https:\/\/www.campingchadeyron.com\/de\/mobilhome-vermietung-ardeche\/#breadcrumb\"},\"inLanguage\":\"de\",\"potentialAction\":[{\"@type\":\"ReadAction\",\"target\":[\"https:\/\/www.campingchadeyron.com\/de\/mobilhome-vermietung-ardeche\/\"]}]},{\"@type\":\"ImageObject\",\"inLanguage\":\"de\",\"@id\":\"https:\/\/www.campingchadeyron.com\/de\/mobilhome-vermietung-ardeche\/#primaryimage\",\"url\":\"https:\/\/www.campingchadeyron.com\/wp-content\/uploads\/2024\/02\/camping-dedant-banner.jpg\",\"contentUrl\":\"https:\/\/www.campingchadeyron.com\/wp-content\/uploads\/2024\/02\/camping-dedant-banner.jpg\",\"width\":1903,\"height\":350,\"caption\":\"camping-dedant-banner\"},{\"@type\":\"BreadcrumbList\",\"@id\":\"https:\/\/www.campingchadeyron.com\/de\/mobilhome-vermietung-ardeche\/#breadcrumb\",\"itemListElement\":[{\"@type\":\"ListItem\",\"position\":1,\"name\":\"Accueil\",\"item\":\"https:\/\/www.campingchadeyron.com\/de\/\"},{\"@type\":\"ListItem\",\"position\":2,\"name\":\"Mobilhome-Vermietung Ard\u00e8che\"}]},{\"@type\":\"WebSite\",\"@id\":\"https:\/\/www.campingchadeyron.com\/#website\",\"url\":\"https:\/\/www.campingchadeyron.com\/\",\"name\":\"Camping Chadeyron\",\"description\":\"\",\"publisher\":{\"@id\":\"https:\/\/www.campingchadeyron.com\/#organization\"},\"potentialAction\":[{\"@type\":\"SearchAction\",\"target\":{\"@type\":\"EntryPoint\",\"urlTemplate\":\"https:\/\/www.campingchadeyron.com\/?s={search_term_string}\"},\"query-input\":{\"@type\":\"PropertyValueSpecification\",\"valueRequired\":true,\"valueName\":\"search_term_string\"}}],\"inLanguage\":\"de\"},{\"@type\":\"Organization\",\"@id\":\"https:\/\/www.campingchadeyron.com\/#organization\",\"name\":\"Domaine de Chadeyron\",\"url\":\"https:\/\/www.campingchadeyron.com\/\",\"logo\":{\"@type\":\"ImageObject\",\"inLanguage\":\"de\",\"@id\":\"https:\/\/www.campingchadeyron.com\/#\/schema\/logo\/image\/\",\"url\":\"https:\/\/www.campingchadeyron.com\/wp-content\/uploads\/2025\/05\/domaine-de-chadeyron.png\",\"contentUrl\":\"https:\/\/www.campingchadeyron.com\/wp-content\/uploads\/2025\/05\/domaine-de-chadeyron.png\",\"width\":215,\"height\":112,\"caption\":\"Domaine de Chadeyron\"},\"image\":{\"@id\":\"https:\/\/www.campingchadeyron.com\/#\/schema\/logo\/image\/\"}}]}<\/script>\n<!-- \/ Yoast SEO plugin. -->","yoast_head_json":{"title":"Vermietung Mobilheim Ardeche - Vermietung Mobilheim Vallon Pont d' Arc","robots":{"index":"index","follow":"follow","max-snippet":"max-snippet:-1","max-image-preview":"max-image-preview:large","max-video-preview":"max-video-preview:-1"},"canonical":"https:\/\/www.campingchadeyron.com\/de\/mobilhome-vermietung-ardeche\/","og_locale":"de_DE","og_type":"article","og_title":"Vermietung Mobilheim Ardeche - Vermietung Mobilheim Vallon Pont d' Arc","og_description":"[vc_row][vc_column width=&#8220;2\/3&#8243; css=&#8220;.vc_custom_1486723187649{padding-right: 4px !important;padding-left: 4px !important;}&#8220;][vc_column_text el_class=&#8220;bg-txt&#8220; css=&#8220;.vc_custom_1652878343577{margin-bottom: 8px [&hellip;]","og_url":"https:\/\/www.campingchadeyron.com\/de\/mobilhome-vermietung-ardeche\/","og_site_name":"Camping Chadeyron","article_modified_time":"2024-02-26T12:47:58+00:00","og_image":[{"width":1903,"height":350,"url":"https:\/\/www.campingchadeyron.com\/wp-content\/uploads\/2024\/02\/camping-dedant-banner.jpg","type":"image\/jpeg"}],"twitter_card":"summary_large_image","twitter_misc":{"Gesch\u00e4tzte Lesezeit":"1\u00a0Minute"},"schema":{"@context":"https:\/\/schema.org","@graph":[{"@type":"WebPage","@id":"https:\/\/www.campingchadeyron.com\/de\/mobilhome-vermietung-ardeche\/","url":"https:\/\/www.campingchadeyron.com\/de\/mobilhome-vermietung-ardeche\/","name":"Vermietung Mobilheim Ardeche - Vermietung Mobilheim Vallon Pont d' Arc","isPartOf":{"@id":"https:\/\/www.campingchadeyron.com\/#website"},"primaryImageOfPage":{"@id":"https:\/\/www.campingchadeyron.com\/de\/mobilhome-vermietung-ardeche\/#primaryimage"},"image":{"@id":"https:\/\/www.campingchadeyron.com\/de\/mobilhome-vermietung-ardeche\/#primaryimage"},"thumbnailUrl":"https:\/\/www.campingchadeyron.com\/wp-content\/uploads\/2024\/02\/camping-dedant-banner.jpg","datePublished":"2017-01-18T10:48:00+00:00","dateModified":"2024-02-26T12:47:58+00:00","breadcrumb":{"@id":"https:\/\/www.campingchadeyron.com\/de\/mobilhome-vermietung-ardeche\/#breadcrumb"},"inLanguage":"de","potentialAction":[{"@type":"ReadAction","target":["https:\/\/www.campingchadeyron.com\/de\/mobilhome-vermietung-ardeche\/"]}]},{"@type":"ImageObject","inLanguage":"de","@id":"https:\/\/www.campingchadeyron.com\/de\/mobilhome-vermietung-ardeche\/#primaryimage","url":"https:\/\/www.campingchadeyron.com\/wp-content\/uploads\/2024\/02\/camping-dedant-banner.jpg","contentUrl":"https:\/\/www.campingchadeyron.com\/wp-content\/uploads\/2024\/02\/camping-dedant-banner.jpg","width":1903,"height":350,"caption":"camping-dedant-banner"},{"@type":"BreadcrumbList","@id":"https:\/\/www.campingchadeyron.com\/de\/mobilhome-vermietung-ardeche\/#breadcrumb","itemListElement":[{"@type":"ListItem","position":1,"name":"Accueil","item":"https:\/\/www.campingchadeyron.com\/de\/"},{"@type":"ListItem","position":2,"name":"Mobilhome-Vermietung Ard\u00e8che"}]},{"@type":"WebSite","@id":"https:\/\/www.campingchadeyron.com\/#website","url":"https:\/\/www.campingchadeyron.com\/","name":"Camping Chadeyron","description":"","publisher":{"@id":"https:\/\/www.campingchadeyron.com\/#organization"},"potentialAction":[{"@type":"SearchAction","target":{"@type":"EntryPoint","urlTemplate":"https:\/\/www.campingchadeyron.com\/?s={search_term_string}"},"query-input":{"@type":"PropertyValueSpecification","valueRequired":true,"valueName":"search_term_string"}}],"inLanguage":"de"},{"@type":"Organization","@id":"https:\/\/www.campingchadeyron.com\/#organization","name":"Domaine de Chadeyron","url":"https:\/\/www.campingchadeyron.com\/","logo":{"@type":"ImageObject","inLanguage":"de","@id":"https:\/\/www.campingchadeyron.com\/#\/schema\/logo\/image\/","url":"https:\/\/www.campingchadeyron.com\/wp-content\/uploads\/2025\/05\/domaine-de-chadeyron.png","contentUrl":"https:\/\/www.campingchadeyron.com\/wp-content\/uploads\/2025\/05\/domaine-de-chadeyron.png","width":215,"height":112,"caption":"Domaine de Chadeyron"},"image":{"@id":"https:\/\/www.campingchadeyron.com\/#\/schema\/logo\/image\/"}}]}},"_links":{"self":[{"href":"https:\/\/www.campingchadeyron.com\/de\/wp-json\/wp\/v2\/pages\/893"}],"collection":[{"href":"https:\/\/www.campingchadeyron.com\/de\/wp-json\/wp\/v2\/pages"}],"about":[{"href":"https:\/\/www.campingchadeyron.com\/de\/wp-json\/wp\/v2\/types\/page"}],"author":[{"embeddable":true,"href":"https:\/\/www.campingchadeyron.com\/de\/wp-json\/wp\/v2\/users\/1"}],"replies":[{"embeddable":true,"href":"https:\/\/www.campingchadeyron.com\/de\/wp-json\/wp\/v2\/comments?post=893"}],"version-history":[{"count":2,"href":"https:\/\/www.campingchadeyron.com\/de\/wp-json\/wp\/v2\/pages\/893\/revisions"}],"predecessor-version":[{"id":1418,"href":"https:\/\/www.campingchadeyron.com\/de\/wp-json\/wp\/v2\/pages\/893\/revisions\/1418"}],"wp:featuredmedia":[{"embeddable":true,"href":"https:\/\/www.campingchadeyron.com\/de\/wp-json\/wp\/v2\/media\/1811"}],"wp:attachment":[{"href":"https:\/\/www.campingchadeyron.com\/de\/wp-json\/wp\/v2\/media?parent=893"}],"curies":[{"name":"wp","href":"https:\/\/api.w.org\/{rel}","templated":true}]}}

Mobilhome-Vermietung Ardèche

<p>[vc_row][vc_column width=&#8220;2/3&#8243; css=&#8220;.vc_custom_1486723187649{padding-right: 4px !important;padding-left: 4px !important;}&#8220;][vc_column_text el_class=&#8220;bg-txt&#8220; css=&#8220;.vc_custom_1652878343577{margin-bottom: 8px !important;}&#8220;]</p>
<p style="text-align: center;">18 gehobene Mobilhome, 2 oder 3 Schlafzimmern, sehr hell mit überdachter Terrasse. Klimaanlage möglich. Es gibt keine Mobilheime, die für PMR geeignet sind.</p>
<p>[/vc_column_text][/vc_column][vc_column width=&#8220;1/3&#8243; css=&#8220;.vc_custom_1486723195733{padding-right: 4px !important;padding-left: 4px !important;}&#8220;][vc_column_text el_class=&#8220;block-slogan&#8220; css=&#8220;.vc_custom_1504778729998{margin-bottom: 8px !important;padding-top: 62px !important;padding-right: 50px !important;padding-bottom: 63px !important;padding-left: 50px !important;}&#8220;]Mit Blick auf das Tal.[/vc_column_text][/vc_column][/vc_row]</p>

<!-- This site is optimized with the Yoast SEO plugin v25.3 - https://yoast.com/wordpress/plugins/seo/ -->
<title>Vermietung Mobilheim Ardeche - Vermietung Mobilheim Vallon Pont d&#039; Arc</title>
<meta name="robots" content="index, follow, max-snippet:-1, max-image-preview:large, max-video-preview:-1" />
<link rel="canonical" href="https://www.campingchadeyron.com/de/mobilhome-vermietung-ardeche/" />
<meta property="og:locale" content="de_DE" />
<meta property="og:type" content="article" />
<meta property="og:title" content="Vermietung Mobilheim Ardeche - Vermietung Mobilheim Vallon Pont d&#039; Arc" />
<meta property="og:description" content="[vc_row][vc_column width=&#8220;2/3&#8243; css=&#8220;.vc_custom_1486723187649{padding-right: 4px !important;padding-left: 4px !important;}&#8220;][vc_column_text el_class=&#8220;bg-txt&#8220; css=&#8220;.vc_custom_1652878343577{margin-bottom: 8px [&hellip;]" />
<meta property="og:url" content="https://www.campingchadeyron.com/de/mobilhome-vermietung-ardeche/" />
<meta property="og:site_name" content="Camping Chadeyron" />
<meta property="article:modified_time" content="2024-02-26T12:47:58+00:00" />
<meta property="og:image" content="https://www.campingchadeyron.com/wp-content/uploads/2024/02/camping-dedant-banner.jpg" />
	<meta property="og:image:width" content="1903" />
	<meta property="og:image:height" content="350" />
	<meta property="og:image:type" content="image/jpeg" />
<meta name="twitter:card" content="summary_large_image" />
<meta name="twitter:label1" content="Geschätzte Lesezeit" />
	<meta name="twitter:data1" content="1 Minute" />
<script type="application/ld+json" class="yoast-schema-graph">{"@context":"https://schema.org","@graph":[{"@type":"WebPage","@id":"https://www.campingchadeyron.com/de/mobilhome-vermietung-ardeche/","url":"https://www.campingchadeyron.com/de/mobilhome-vermietung-ardeche/","name":"Vermietung Mobilheim Ardeche - Vermietung Mobilheim Vallon Pont d' Arc","isPartOf":{"@id":"https://www.campingchadeyron.com/#website"},"primaryImageOfPage":{"@id":"https://www.campingchadeyron.com/de/mobilhome-vermietung-ardeche/#primaryimage"},"image":{"@id":"https://www.campingchadeyron.com/de/mobilhome-vermietung-ardeche/#primaryimage"},"thumbnailUrl":"https://www.campingchadeyron.com/wp-content/uploads/2024/02/camping-dedant-banner.jpg","datePublished":"2017-01-18T10:48:00+00:00","dateModified":"2024-02-26T12:47:58+00:00","breadcrumb":{"@id":"https://www.campingchadeyron.com/de/mobilhome-vermietung-ardeche/#breadcrumb"},"inLanguage":"de","potentialAction":[{"@type":"ReadAction","target":["https://www.campingchadeyron.com/de/mobilhome-vermietung-ardeche/"]}]},{"@type":"ImageObject","inLanguage":"de","@id":"https://www.campingchadeyron.com/de/mobilhome-vermietung-ardeche/#primaryimage","url":"https://www.campingchadeyron.com/wp-content/uploads/2024/02/camping-dedant-banner.jpg","contentUrl":"https://www.campingchadeyron.com/wp-content/uploads/2024/02/camping-dedant-banner.jpg","width":1903,"height":350,"caption":"camping-dedant-banner"},{"@type":"BreadcrumbList","@id":"https://www.campingchadeyron.com/de/mobilhome-vermietung-ardeche/#breadcrumb","itemListElement":[{"@type":"ListItem","position":1,"name":"Accueil","item":"https://www.campingchadeyron.com/de/"},{"@type":"ListItem","position":2,"name":"Mobilhome-Vermietung Ardèche"}]},{"@type":"WebSite","@id":"https://www.campingchadeyron.com/#website","url":"https://www.campingchadeyron.com/","name":"Camping Chadeyron","description":"","publisher":{"@id":"https://www.campingchadeyron.com/#organization"},"potentialAction":[{"@type":"SearchAction","target":{"@type":"EntryPoint","urlTemplate":"https://www.campingchadeyron.com/?s={search_term_string}"},"query-input":{"@type":"PropertyValueSpecification","valueRequired":true,"valueName":"search_term_string"}}],"inLanguage":"de"},{"@type":"Organization","@id":"https://www.campingchadeyron.com/#organization","name":"Domaine de Chadeyron","url":"https://www.campingchadeyron.com/","logo":{"@type":"ImageObject","inLanguage":"de","@id":"https://www.campingchadeyron.com/#/schema/logo/image/","url":"https://www.campingchadeyron.com/wp-content/uploads/2025/05/domaine-de-chadeyron.png","contentUrl":"https://www.campingchadeyron.com/wp-content/uploads/2025/05/domaine-de-chadeyron.png","width":215,"height":112,"caption":"Domaine de Chadeyron"},"image":{"@id":"https://www.campingchadeyron.com/#/schema/logo/image/"}}]}</script>
<!-- / Yoast SEO plugin. -->
